322.
246
Calculate the remainder when 1106 is divided by 367.
5
Calculate the remainder when 813 is divided by 22.
21
What is the remainder when 3512 is divided by 160?
152
Calculate the remainder when 53 is divided by 27.
26
Calculate the remainder when 2013 is divided by 38.
37
What is the remainder when 17 is divided by 9?
8
What is the remainder when 279 is divided by 15?
9
Calculate the remainder when 7163 is divided by 199.
198
What is the remainder when 453 is divided by 6?
3
What is the remainder when 179 is divided by 18?
17
What is the remainder when 1058 is divided by 14?
8
Calculate the remainder when 3717 is divided by 30.
27
Calculate the remainder when 101 is divided by 33.
2
What is the remainder when 1491 is divided by 733?
25
What is the remainder when 1188 is divided by 12?
0
What is the remainder when 1316 is divided by 1309?
7
Calculate the remainder when 1032 is divided by 37.
33
Calculate the remainder when 542 is divided by 55.
47
Calculate the remainder when 2017 is divided by 55.
37
What is the remainder when 379 is divided by 4?
3
What is the remainder when 96103 is divided by 15?
13
Calculate the remainder when 950 is divided by 53.
49
Calculate the remainder when 20399 is divided by 101.
98
What is the remainder when 523 is divided by 95?
48
Calculate the remainder when 4927 is divided by 20.
7
Calculate the remainder when 3129 is divided by 175.
154
Calculate the remainder when 20636 is divided by 34.
32
Calculate the remainder when 49 is divided by 25.
24
What is the remainder when 185 is divided by 154?
31
Calculate the remainder when 188 is divided by 32.
28
Calculate the remainder when 491 is divided by 479.
12
What is the remainder when 5599 is divided by 25?
24
Calculate the remainder when 87 is divided by 30.
27
Calculate the remainder when 30 is divided by 7.
2
Calculate the remainder when 58 is divided by 17.
7
Calculate the remainder when 381 is divided by 43.
37
Calculate the remainder when 244 is divided by 122.
0
Calculate the remainder when 51705 is divided by 31.
28
What is the remainder when 121 is divided by 63?
58
What is the remainder when 461 is divided by 26?
19
Calculate the remainder when 6355 is divided by 236.
219
Calculate the remainder when 48 is divided by 40.
8
Calculate the remainder when 1037 is divided by 203.
22
What is the remainder when 124 is divided by 124?
0
What is the remainder when 445 is divided by 9?
4
What is the remainder when 178 is divided by 123?
55
Calculate the remainder when 2177 is divided by 20.
17
What is the remainder when 663 is divided by 35?
33
What is the remainder when 47 is divided by 38?
9
Calculate the remainder when 230 is divided by 30.
20
What is the remainder when 156 is divided by 16?
12
Calculate the remainder when 783 is divided by 88.
79
Calculate the remainder when 1604 is divided by 135.
119
What is the remainder when 310 is divided by 45?
40
Calculate the remainder when 85 is divided by 27.
4
What is the remainder when 76 is divided by 32?
12
What is the remainder when 374 is divided by 39?
23
What is the remainder when 683 is divided by 23?
16
What is the remainder when 59 is divided by 18?
5
What is the remainder when 1862 is divided by 144?
134
What is the remainder when 11086 is divided by 63?
61
Calculate the remainder when 1634 is divided by 14.
10
Calculate the remainder when 700 is divided by 45.
25
What is the remainder when 187 is divided by 48?
43
Calculate the remainder when 343 is divided by 7.
0
What is the remainder when 82 is divided by 12?
10
What is the remainder when 136 is divided by 26?
6
What is the remainder when 56 is divided by 11?
1
Calculate the remainder when 17275 is divided by 14.
13
Calculate the remainder when 526 is divided by 10.
6
Calculate the remainder when 490 is divided by 90.
40
What is the remainder when 1865 is divided by 235?
220
Calculate the remainder when 2817 is divided by 215.
22
What is the remainder when 87 is divided by 31?
25
Calculate the remainder when 1644 is divided by 546.
6
What is the remainder when 43 is divided by 3?
1
Calculate the remainder when 230 is divided by 5.
0
Calculate the remainder when 756 is divided by 85.
76
What is the remainder when 1760 is divided by 42?
38
What is the remainder when 2546 is divided by 26?
24
What is the remainder when 996 is divided by 332?
0
Calculate the remainder when 582 is divided by 53.
52
Calculate the remainder when 538 is divided by 31.
11
Calculate the remainder when 226 is divided by 57.
55
Calculate the remainder when 647 is divided by 153.
35
Calculate the remainder when 167 is divided by 4.
3
What is the remainder when 7873 is divided by 25?
23
What is the remainder when 39 is divided by 34?
5
Calculate the remainder when 75206 is divided by 238.
236
Calculate the remainder when 4628 is divided by 113.
108
Calculate the remainder when 1952 is divided by 647.
11
Calculate the remainder when 404 is divided by 7.
5
Calculate the remainder when 102 is divided by 81.
21
Calculate the remainder when 262 is divided by 40.
22
What is the remainder when 653 is divided by 33?
26
What is the remainder when 257 is divided by 4?
1
What is the remainder when 495 is divided by 21?
12
What is the remainder when 965 is divided by 42?
41
Calculate the remainder when 203 is divided by 68.
67
Calculate the remainder when 6342 is divided by 244.
242
What is the remainder when 16175 is divided by 48?
47
Calculate the remainder when 174 is divided by 7.
6
Calculate the remainder when 95 is divided by 9.
5
What is the remainder when 356 is divided by 77?
48
Calculate the remainder when 208 is divided by 65.
13
What is the remainder when 2012 is divided by 13?
10
Calculate the remainder when 239 is divided by 24.
23
What is the remainder when 61 is divided by 34?
27
Calculate the remainder when 136 is divided by 45.
1
What is the remainder when 291 is divided by 115?
61
What is the remainder when 182 is divided by 27?
20
Calculate the remainder when 216 is divided by 60.
36
Calculate the remainder when 11277 is divided by 16.
13
What is the remainder when 565 is divided by 146?
127
What is the remainder when 35 is divided by 29?
6
What is the remainder when 1503 is divided by 373?
11
Calculate the remainder when 158 is divided by 87.
71
Calculate the remainder when 57 is divided by 48.
9
What is the remainder when 573 is divided by 96?
93
What is the remainder when 293 is divided by 7?
6
Calculate the remainder when 490 is divided by 3.
1
What is the remainder when 947 is divided by 112?
51
Calculate the remainder when 2711 is divided by 19.
13
Calculate the remainder when 984 is divided by 491.
2
Calculate the remainder when 1586 is divided by 53.
49
Calculate the remainder when 419 is divided by 156.
107
What is the remainder when 452 is divided by 65?
62
What is the remainder when 1217 is divided by 26?
21
Calculate the remainder when 98 is divided by 21.
14
Calculate the remainder when 54 is divided by 47.
7
What is the remainder when 174 is divided by 45?
39
What is the remainder when 746 is divided by 83?
82
Calculate the remainder when 56 is divided by 20.
16
What is the remainder when 26641 is divided by 249?
247
Calculate the remainder when 147 is divided by 75.
72
What is the remainder when 6276 is divided by 10?
6
What is the remainder when 39 is divided by 14?
11
Calculate the remainder when 1068 is divided by 119.
116
What is the remainder when 119 is divided by 12?
11
Calculate the remainder when 6221 is divided by 34.
33
Calculate the remainder when 7037 is divided by 138.
137
Calculate the remainder when 129 is divided by 11.
8
What is the remainder when 51 is divided by 11?
7
What is the remainder when 170 is divided by 60?
50
What is the remainder when 187 is divided by 40?
27
What is the remainder when 206 is divided by 8?
6
What is the remainder when 1501 is divided by 94?
91
What is the remainder when 28 is divided by 3?
1
Calculate the remainder when 2462 is divided by 65.
57
Calculate the remainder when 5384 is divided by 49.
43
What is the remainder when 1237 is divided by 62?
59
What is the remainder when 2120 is divided by 124?
12
Calculate the remainder when 103 is divided by 34.
1
Calculate the remainder when 74 is divided b